{"id":444,"date":"2025-03-14T15:57:53","date_gmt":"2025-03-14T14:57:53","guid":{"rendered":"https:\/\/www.entornosite.ramirocarrion.com\/wordpress\/?page_id=444"},"modified":"2025-03-14T16:03:47","modified_gmt":"2025-03-14T15:03:47","slug":"nosotros","status":"publish","type":"page","link":"https:\/\/www.entornosite.ramirocarrion.com\/wordpress\/nosotros\/","title":{"rendered":"Nosotros"},"content":{"rendered":"<p>[et_pb_section fb_built=\u00bb1&#8243; admin_label=\u00bbAbout\u00bb _builder_version=\u00bb4.18.0&#8243; _module_preset=\u00bbdefault\u00bb custom_padding=\u00bb0px||0px||true|false\u00bb locked=\u00bboff\u00bb collapsed=\u00bbon\u00bb global_colors_info=\u00bb{}\u00bb theme_builder_area=\u00bbpost_content\u00bb][et_pb_row column_structure=\u00bb2_5,3_5&#8243; use_custom_gutter=\u00bbon\u00bb gutter_width=\u00bb1&#8243; make_equal=\u00bbon\u00bb _builder_version=\u00bb4.27.4&#8243; _module_preset=\u00bbdefault\u00bb width=\u00bb100%\u00bb max_width=\u00bb100%\u00bb custom_padding=\u00bb0px||0px||true|false\u00bb global_colors_info=\u00bb{}\u00bb theme_builder_area=\u00bbpost_content\u00bb][et_pb_column type=\u00bb2_5&#8243; _builder_version=\u00bb4.27.4&#8243; _module_preset=\u00bbdefault\u00bb background_image=\u00bbhttps:\/\/www.entornosite.ramirocarrion.com\/wordpress\/wp-content\/uploads\/2025\/03\/dante_nosotros.jpg\u00bb background_size=\u00bbcontain\u00bb background_position=\u00bbtop_right\u00bb background_vertical_offset=\u00bb0%\u00bb background_enable_mask_style=\u00bbon\u00bb background_mask_color=\u00bbRGBA(255,255,255,0)\u00bb hover_enabled=\u00bb0&#8243; global_colors_info=\u00bb{}\u00bb theme_builder_area=\u00bbpost_content\u00bb title_text=\u00bbdante_nosotros\u00bb sticky_enabled=\u00bb0&#8243;][et_pb_divider show_divider=\u00bboff\u00bb _builder_version=\u00bb4.27.4&#8243; _module_preset=\u00bbdefault\u00bb width=\u00bb60%\u00bb max_width=\u00bb60%\u00bb module_alignment=\u00bbleft\u00bb min_height=\u00bb336px\u00bb height_tablet=\u00bb106vw\u00bb height_phone=\u00bb64vw\u00bb height_last_edited=\u00bbon|phone\u00bb max_height=\u00bb231px\u00bb custom_padding=\u00bb|239px||||\u00bb global_colors_info=\u00bb{}\u00bb theme_builder_area=\u00bbpost_content\u00bb][\/et_pb_divider][\/et_pb_column][et_pb_column type=\u00bb3_5&#8243; _builder_version=\u00bb4.18.0&#8243; _module_preset=\u00bbdefault\u00bb custom_padding=\u00bb8%|10%|8%|10%|true|true\u00bb global_colors_info=\u00bb{}\u00bb theme_builder_area=\u00bbpost_content\u00bb][et_pb_text _builder_version=\u00bb4.27.4&#8243; _module_preset=\u00bb1f09816e-184e-4ce5-a4cf-b39c52c423ca\u00bb text_font=\u00bbNanum Gothic||||||||\u00bb text_font_size=\u00bb16px\u00bb text_line_height=\u00bb1.8em\u00bb custom_margin=\u00bb10px|5px|30px|5px|false|false\u00bb hover_enabled=\u00bb0&#8243; text_font_size_tablet=\u00bb15px\u00bb text_font_size_phone=\u00bb14px\u00bb text_font_size_last_edited=\u00bbon|phone\u00bb header_font_size_tablet=\u00bb55px\u00bb header_font_size_last_edited=\u00bboff|desktop\u00bb inline_fonts=\u00bbLato\u00bb global_colors_info=\u00bb{}\u00bb theme_builder_area=\u00bbpost_content\u00bb sticky_enabled=\u00bb0&#8243;]<\/p>\n<h3 style=\"text-align: left;\"><span style=\"font-family: Lato; font-weight: normal; font-size: medium;\"><br \/><span style=\"font-size: x-large;\"><strong>Nosotros<\/strong><\/span><\/span><\/h3>\n<p><span style=\"font-family: Lato;\">Bienvenidos a la p\u00e1gina de la Sociedad Dante Alighieri de Santiago de Chile. La Sociedad (italiano: Societ\u00e0 Dante Alighieri) es una instituci\u00f3n creada en Italia en 1889 para la promoci\u00f3n de la lengua italiana as\u00ed como de la difusi\u00f3n de su cultura alrededor del mundo, teniendo presencia en m\u00e1s de 60 paises, su sede central est\u00e1 en Roma. www.ladante.it <\/span><\/p>\n<p><strong><span style=\"font-family: Lato;\">Perfil Hist\u00f3rico<\/span><\/strong><\/p>\n<p><span style=\"font-family: Lato;\">Comitato Societ\u00e1 Dante Alighieri<\/span><\/p>\n<p><span style=\"font-family: Lato;\">\u201cLa Dante\u201d nace en Roma el a\u00f1o 1889 para la promoci\u00f3n de la Lengua Italiana, as\u00ed como de la difusi\u00f3n de su cultura alrededor del mundo.<\/span><\/p>\n<p><span style=\"font-family: Lato;\">Ha sido fundada por Giosu\u00e9 Carducci, el gran poeta italiano, y tuvo las caracter\u00edsticas de una Instituci\u00f3n de utilidad P\u00fablica representativa de la mejor tradici\u00f3n cultural italiana, patrimonio de experiencias, en relaci\u00f3n con las instituciones encargadas de la educaci\u00f3n y la difusi\u00f3n de la Cultura Italiana.<\/span><\/p>\n<p><span style=\"font-family: Lato;\">Esta Sociedad es equivalente al Instituto Cervantes espa\u00f1ol, el Instituto Cam\u00f5es portugu\u00e9s, la Alliance Fran\u00e7aise, el British Council o el Instituto Goethe alem\u00e1n. Todos ellos trabajan para divulgar sus respectivas culturas, favoreciendo as\u00ed el conocimiento de algunas de las principales lenguas europeas, hecho por el que se le otorg\u00f3 el Premio Pr\u00edncipe de Asturias de Comunicaci\u00f3n y Humanidades del a\u00f1o 2005.<\/span><\/p>\n<p><span style=\"font-family: Lato;\">La Dante naci\u00f3 como una necesidad para los muchos emigrados italianos en el mundo, para resguardar su identidad ling\u00fc\u00edstica. El Ministerio del Exterior fue consciente de la preciosa ayuda que signific\u00f3 para ampliar la voz de Italia en el mundo, y reforzar los mismos Institutos de Cultura ya existentes, con el com\u00fan objetivo de propagar la civilizaci\u00f3n del Pa\u00eds y avivar su imagen.<\/span><\/p>\n<p><span style=\"font-family: Lato;\">En cada pa\u00eds donde hubiera emigraci\u00f3n italiana, fue surgendo un Comitato.<\/span><\/p>\n<p><span style=\"font-family: Lato;\">La naturaleza y composici\u00f3n de estos fueron creados por los mismos ciudadanos de lugar, que se reunieron en entidades sin fines de lucro para garantizar una presencia cultural italiana donde faltan oficinas gubernativas y representaciones diplom\u00e1ticas y consulares; hay en todos los pa\u00edses del mundo: Argentina tiene escuelas en varias ciudades: C\u00f3rdoba, Carlos Paz, Salta, R\u00edo Cuarto, Buenos Aires, entre otras; hay en Uruguay, Paraguay, Brasil, Per\u00fa, Venezuela, M\u00e9xico, Estados Unidos, Canad\u00e1, Europa, \u00c1frica, Nueva Zelandia, Australia, China, Jap\u00f3n, etc.<\/span><\/p>\n<p><span style=\"font-family: Lato;\">Hoy la Societ\u00e1 est\u00e1 repartida por m\u00e1s de 60 pa\u00edses por todo el mundo, teniendo su sede central en Roma.<\/span><\/p>\n<p><span style=\"font-family: Lato;\">Tiene sus propias reglas: \u201cStatuto della Societ\u00e1 Dante Alighieri\u201d, decreto 18 de julio de 1893 n.347:<\/span><\/p>\n<p><strong><span style=\"font-family: Lato;\">Art\u00edculo 1<\/span><\/strong><\/p>\n<p><span style=\"font-family: Lato;\">La Dante tiene como objeto tutelar y difundir la Lengua y la Cultura Italiana en el mundo, manteniendo el sentimiento de Italianidad, avivando las uniones espirituales de los italianos en el extranjero con su madre patria, y a la vez, alimentando entre ellos el amor y el culto por su Civilizaci\u00f3n.<\/span><\/p>\n<p><strong><span style=\"font-family: Lato;\">Art\u00edculo 2<\/span><\/strong><\/p>\n<p><span style=\"font-family: Lato;\">Para conseguir su objetivo, ha instituido escuelas, bibliotecas, c\u00edrculos y cursos de Lengua Italiana; difunde publicaciones de libros, promueve conferencias, excursiones culturales, manifestaciones art\u00edsticas y musicales.<\/span><\/p>\n<p><strong><span style=\"font-family: Lato;\">Art\u00edculo 3<\/span><\/strong><\/p>\n<p><span style=\"font-family: Lato;\">La Dante est\u00e1 constituida por socios reunidos en Comitatos Locales, pero est\u00e1 dirigida por un Consejo Central y tiene la sede en Roma, Palazzo Firenze.<\/span><\/p>\n<p><strong><span style=\"font-family: Lato;\">Art\u00edculo 4<\/span><\/strong><\/p>\n<p><span style=\"font-family: Lato;\">Las personas que forman esta sociedad se caracterizan por \u201creconocida honradez\u201d, independientes de nacionalidad, religi\u00f3n o ideolog\u00eda pol\u00edtica.<\/span><\/p>\n<p><strong><span style=\"font-family: Lato;\">Art\u00edculo 5<\/span><\/strong><\/p>\n<p><span style=\"font-family: Lato;\">Los socios pueden ser: benem\u00e9ritos, perpetuos, ordinarios y agregados. Pagan una cuota establecida por el Consejo Central.<\/span><\/p>\n<p><strong><span style=\"font-family: Lato;\">Art\u00edculo 6<\/span><\/strong><\/p>\n<p><span style=\"font-family: Lato;\">Para formar un Comitato en Italia son necesarios 50 socios; en el extranjero son necesarios 25 socios; el Presidente de la Sociedad es el que ratifica la conformidad de su Constituci\u00f3n.<\/span><\/p>\n<p><span style=\"font-family: Lato;\">En Chile existen hasta ahora 3 Comitatos: Antofagasta, Valpara\u00edso y Santiago.<\/span><\/p>\n<p><span style=\"font-family: Lato;\">El Comitato Societ\u00e1 Dante Alighieri en Santiago Chile<\/span><\/p>\n<p><span style=\"font-family: Lato;\">En Santiago el Comitato se refund\u00f3 en el a\u00f1o 2005 con un grupo de ciudadanos italianos preocupados en primer lugar por ofrecer el estudio del Italiano a todos los descendientes (oriundo) que desean hablar el idioma de sus padres y abuelos y descubrir sus or\u00edgenes<\/span><\/p>\n<p><span style=\"font-family: Lato;\">Tiene el objetivo, adem\u00e1s, de atender los requerimientos de Universidades Chilenas, Institutos, Colegios y la Comunidad en general.<\/span><\/p>\n<p><span style=\"font-family: Lato;\">Promueve acuerdos para que los estudiantes puedan certificar sus conocimientos seg\u00fan el Modelo del Consorcio Europeo de Idiomas, que considera el aprendizaje a trav\u00e9s de las cuatro competencias esenciales: leer, escuchar, escribir y hablar.<\/span><\/p>\n<p><span style=\"font-family: Lato;\">Este examen ha sido otorgado por la central de Roma a nuestro Comitato, creando nuestro propio Centro Certificador PLIDA, Progetto Lingua Italiana Dante Alighieri.<\/span><\/p>\n<p><span style=\"font-family: Lato;\">Vid. PLIDA, www.ladante.it , www.ladante.cl<\/span><\/p>\n<p><span style=\"font-family: Lato;\">Este Comitato se re\u00fane una vez al mes, tiene su propia directiva y su Presidente es en la actualidad el Profesor Aniello Gargiulo.<\/span><\/p>\n<p>[\/et_pb_text][et_pb_button button_text=\u00bbSolicitar informaci\u00f3n\u00bb _builder_version=\u00bb4.27.4&#8243; _module_preset=\u00bb3117bc07-6a8a-4679-b3bb-b6ed74b48a2f\u00bb custom_button=\u00bbon\u00bb button_text_size=\u00bb14px\u00bb button_text_color=\u00bb#7090AE\u00bb button_bg_color=\u00bb#E6EEF2&#8243; button_border_width=\u00bb0px\u00bb button_border_radius=\u00bb0px\u00bb button_font=\u00bbUbuntu|700||on|||||\u00bb custom_padding=\u00bb16px|24px|16px|24px|true|true\u00bb global_colors_info=\u00bb{}\u00bb theme_builder_area=\u00bbpost_content\u00bb][\/et_pb_button][\/et_pb_column][\/et_pb_row][\/et_pb_section][et_pb_section fb_built=\u00bb1&#8243; _builder_version=\u00bb4.27.4&#8243; _module_preset=\u00bbdefault\u00bb background_color=\u00bb#60c3f0&#8243; custom_padding=\u00bb75px|||||\u00bb global_colors_info=\u00bb{}\u00bb theme_builder_area=\u00bbpost_content\u00bb][et_pb_row _builder_version=\u00bb4.27.4&#8243; _module_preset=\u00bbdefault\u00bb global_colors_info=\u00bb{}\u00bb theme_builder_area=\u00bbpost_content\u00bb][et_pb_column type=\u00bb4_4&#8243; _builder_version=\u00bb4.27.4&#8243; _module_preset=\u00bbdefault\u00bb global_colors_info=\u00bb{}\u00bb theme_builder_area=\u00bbpost_content\u00bb][et_pb_text _builder_version=\u00bb4.27.4&#8243; _module_preset=\u00bbdefault\u00bb text_text_color=\u00bb#FFFFFF\u00bb custom_margin=\u00bb5px|||||\u00bb custom_padding=\u00bb0px|||||\u00bb global_colors_info=\u00bb{}\u00bb theme_builder_area=\u00bbpost_content\u00bb]<\/p>\n<p style=\"text-align: center;\"><span style=\"font-family: Lato; font-weight: normal; font-size: xx-large;\">OBT\u00c9N TU CERTIFICACI\u00d3N PLIDA<\/span><\/p>\n<p>[\/et_pb_text][et_pb_text _builder_version=\u00bb4.27.4&#8243; _module_preset=\u00bbdefault\u00bb text_text_color=\u00bb#FFFFFF\u00bb custom_padding=\u00bb||9px|||\u00bb global_colors_info=\u00bb{}\u00bb theme_builder_area=\u00bbpost_content\u00bb]<\/p>\n<p style=\"text-align: center;\"><span style=\"font-family: Lato; font-weight: normal; font-size: x-large;\">Certificaci\u00f3n del Idioma Italiano: PLIDA Progetto Lingua Italiana Dante Alighieri: PLIDA<\/span><\/p>\n<p>[\/et_pb_text][\/et_pb_column][\/et_pb_row][et_pb_row _builder_version=\u00bb4.27.4&#8243; _module_preset=\u00bbdefault\u00bb custom_padding=\u00bb||36px|||\u00bb global_colors_info=\u00bb{}\u00bb theme_builder_area=\u00bbpost_content\u00bb][et_pb_column type=\u00bb4_4&#8243; _builder_version=\u00bb4.27.4&#8243; _module_preset=\u00bbdefault\u00bb global_colors_info=\u00bb{}\u00bb theme_builder_area=\u00bbpost_content\u00bb][et_pb_button button_url=\u00bb@ET-DC@eyJkeW5hbWljIjp0cnVlLCJjb250ZW50IjoicG9zdF9saW5rX3VybF9wYWdlIiwic2V0dGluZ3MiOnsicG9zdF9pZCI6IjM4OSJ9fQ==@\u00bb button_text=\u00bbM\u00c1S INFORMACI\u00d3N\u00bb button_alignment=\u00bbcenter\u00bb _builder_version=\u00bb4.27.4&#8243; _dynamic_attributes=\u00bbbutton_url\u00bb _module_preset=\u00bbdefault\u00bb background_layout=\u00bbdark\u00bb global_colors_info=\u00bb{}\u00bb theme_builder_area=\u00bbpost_content\u00bb][\/et_pb_button][\/et_pb_column][\/et_pb_row][\/et_pb_section][et_pb_section fb_built=\u00bb1&#8243; admin_label=\u00bbFooter\u00bb _builder_version=\u00bb4.27.4&#8243; _module_preset=\u00bbdefault\u00bb background_color=\u00bb#212121&#8243; background_enable_image=\u00bboff\u00bb custom_padding=\u00bb107px|||||\u00bb saved_tabs=\u00bball\u00bb collapsed=\u00bbon\u00bb global_colors_info=\u00bb{}\u00bb theme_builder_area=\u00bbpost_content\u00bb][et_pb_row column_structure=\u00bb1_3,1_3,1_3&#8243; _builder_version=\u00bb4.27.4&#8243; _module_preset=\u00bbdefault\u00bb global_colors_info=\u00bb{}\u00bb theme_builder_area=\u00bbpost_content\u00bb][et_pb_column type=\u00bb1_3&#8243; _builder_version=\u00bb4.27.4&#8243; _module_preset=\u00bbdefault\u00bb global_colors_info=\u00bb{}\u00bb theme_builder_area=\u00bbpost_content\u00bb][et_pb_text _builder_version=\u00bb4.27.4&#8243; _module_preset=\u00bbdefault\u00bb global_colors_info=\u00bb{}\u00bb theme_builder_area=\u00bbpost_content\u00bb]<\/p>\n<p><strong><span style=\"font-size: x-large; color: #ffffff;\">Redes Sociales<\/span><\/strong><\/p>\n<p>[\/et_pb_text][et_pb_social_media_follow _builder_version=\u00bb4.27.4&#8243; _module_preset=\u00bbdefault\u00bb custom_margin=\u00bb||18px|||\u00bb global_colors_info=\u00bb{}\u00bb theme_builder_area=\u00bbpost_content\u00bb][et_pb_social_media_follow_network social_network=\u00bbfacebook\u00bb use_icon_font_size=\u00bbon\u00bb icon_font_size=\u00bb24px\u00bb _builder_version=\u00bb4.27.4&#8243; _module_preset=\u00bbdefault\u00bb background_enable_color=\u00bboff\u00bb global_colors_info=\u00bb{}\u00bb theme_builder_area=\u00bbpost_content\u00bb follow_button=\u00bboff\u00bb url_new_window=\u00bbon\u00bb]facebook[\/et_pb_social_media_follow_network][et_pb_social_media_follow_network social_network=\u00bbinstagram\u00bb use_icon_font_size=\u00bbon\u00bb icon_font_size=\u00bb24px\u00bb _builder_version=\u00bb4.27.4&#8243; _module_preset=\u00bbdefault\u00bb background_enable_color=\u00bboff\u00bb global_colors_info=\u00bb{}\u00bb theme_builder_area=\u00bbpost_content\u00bb follow_button=\u00bboff\u00bb url_new_window=\u00bbon\u00bb]instagram[\/et_pb_social_media_follow_network][\/et_pb_social_media_follow][\/et_pb_column][et_pb_column type=\u00bb1_3&#8243; _builder_version=\u00bb4.27.4&#8243; _module_preset=\u00bbdefault\u00bb global_colors_info=\u00bb{}\u00bb theme_builder_area=\u00bbpost_content\u00bb][et_pb_text _builder_version=\u00bb4.27.4&#8243; _module_preset=\u00bbdefault\u00bb global_colors_info=\u00bb{}\u00bb theme_builder_area=\u00bbpost_content\u00bb]<\/p>\n<p style=\"text-align: left;\"><span style=\"font-size: x-large;\"><strong><span style=\"font-family: Lato; color: #ffffff;\">Contacto<\/span><\/strong><\/span><\/p>\n<p>[\/et_pb_text][et_pb_text _builder_version=\u00bb4.27.4&#8243; _module_preset=\u00bbdefault\u00bb global_colors_info=\u00bb{}\u00bb theme_builder_area=\u00bbpost_content\u00bb]<\/p>\n<p style=\"text-align: left;\"><span style=\"font-family: Lato; font-weight: normal; font-size: medium; color: #ffffff;\">Fijo: 22 885 85 19<br \/>Cel.: 9 &#8211; 429 76 95<br \/>mariarosaghi@yahoo.it<\/span><\/p>\n<p>[\/et_pb_text][\/et_pb_column][et_pb_column type=\u00bb1_3&#8243; _builder_version=\u00bb4.27.4&#8243; _module_preset=\u00bbdefault\u00bb global_colors_info=\u00bb{}\u00bb theme_builder_area=\u00bbpost_content\u00bb][et_pb_image src=\u00bbhttps:\/\/www.entornosite.ramirocarrion.com\/wordpress\/wp-content\/uploads\/2025\/03\/dante_logo_footer.png\u00bb title_text=\u00bbdante_logo_footer\u00bb align=\u00bbright\u00bb _builder_version=\u00bb4.27.4&#8243; _module_preset=\u00bbdefault\u00bb custom_padding=\u00bb|100px||100px||\u00bb global_colors_info=\u00bb{}\u00bb theme_builder_area=\u00bbpost_content\u00bb][\/et_pb_image][\/et_pb_column][\/et_pb_row][\/et_pb_section]<\/p>\n","protected":false},"excerpt":{"rendered":"<p>Nosotros Bienvenidos a la p\u00e1gina de la Sociedad Dante Alighieri de Santiago de Chile. La Sociedad (italiano: Societ\u00e0 Dante Alighieri) es una instituci\u00f3n creada en Italia en 1889 para la promoci\u00f3n de la lengua italiana as\u00ed como de la difusi\u00f3n de su cultura alrededor del mundo, teniendo presencia en m\u00e1s de 60 paises, su sede [&hellip;]<\/p>\n","protected":false},"author":1,"featured_media":0,"parent":0,"menu_order":0,"comment_status":"closed","ping_status":"closed","template":"","meta":{"_et_pb_use_builder":"on","_et_pb_old_content":"","_et_gb_content_width":"","footnotes":""},"class_list":["post-444","page","type-page","status-publish","hentry"],"_links":{"self":[{"href":"https:\/\/www.entornosite.ramirocarrion.com\/wordpress\/wp-json\/wp\/v2\/pages\/444","targetHints":{"allow":["GET"]}}],"collection":[{"href":"https:\/\/www.entornosite.ramirocarrion.com\/wordpress\/wp-json\/wp\/v2\/pages"}],"about":[{"href":"https:\/\/www.entornosite.ramirocarrion.com\/wordpress\/wp-json\/wp\/v2\/types\/page"}],"author":[{"embeddable":true,"href":"https:\/\/www.entornosite.ramirocarrion.com\/wordpress\/wp-json\/wp\/v2\/users\/1"}],"replies":[{"embeddable":true,"href":"https:\/\/www.entornosite.ramirocarrion.com\/wordpress\/wp-json\/wp\/v2\/comments?post=444"}],"version-history":[{"count":5,"href":"https:\/\/www.entornosite.ramirocarrion.com\/wordpress\/wp-json\/wp\/v2\/pages\/444\/revisions"}],"predecessor-version":[{"id":451,"href":"https:\/\/www.entornosite.ramirocarrion.com\/wordpress\/wp-json\/wp\/v2\/pages\/444\/revisions\/451"}],"wp:attachment":[{"href":"https:\/\/www.entornosite.ramirocarrion.com\/wordpress\/wp-json\/wp\/v2\/media?parent=444"}],"curies":[{"name":"wp","href":"https:\/\/api.w.org\/{rel}","templated":true}]}}